 2*l**2 + 9*l**3 + 7*l**3 - 15*l**w - 4*l. Give z(p).
13
Let r be ((-10)/(-4))/((-3)/6). Let j be 1 - (-2)/(-4 - r). Let n(t) = 2*t**j - 783 + 4*t**2 + 783. Calculate n(-3).
-18
Let c(y) = 93*y - 52*y - 45*y + y**2. Let l be c(4). Let h(v) be the first derivative of -v**4/4 - 5*v - 1. Give h(l).
-5
Let p(f) be the first derivative of 11*f**4/4 - 76*f**3/3 - 4*f**2 + 4*f + 9454. Give p(7).
-3
Let h = 408 + -408. Let j(x) = -x**2 + x - 22. Give j(h).
-22
Let q(k) = -8*k**3 - 41*k**2 + 2*k - 13. Let a(z) = -5*z**3 - 19*z**2 + z - 6. Let h(o) = 13*a(o) - 6*q(o). Give h(1).
-17
Let g(z) be the first derivative of 33 + 0*z + 1/2*z**3 - 1/12*z**4 + 33/2*z**2. Let t(q) be the second derivative of g(q). Calculate t(-7).
17
Let i(k) = -k**3 - 2*k - 3. Let o(r) = 45*r - 180. Let g be o(4). Determine i(g).
-3
Let d(l) = l**3 - 10*l**2 + 0 - 205*l + 196*l + 8 + 9*l**2. Determine d(4).
20
Let y(j) = -3*j**2 - 43 - 4*j + 4*j**2 + 36. Let u be y(6). Let o(g) = 2 - u*g**2 + 2*g**2 + 4*g**2 - 3*g. What is o(3)?
2
Suppose 0 = 5*o - i + 18, 0*o - o - 2*i - 8 = 0. Let g be (-42)/10 - o - 4/5. Let u(q) = -6*q - 1. Calculate u(g).
5
Let y(f) be the second derivative of f**3/3 - 59*f**2/2 - 201*f - 2. What is y(23)?
-13
Let d be (0/(-35))/(-2*(3 + 0)). Let o(u) = -7 - u - 148*u**2 - 154*u**2 + 301*u**2. Calculate o(d).
-7
Suppose -5*c + 2*n + 87 = 0, 153 - 46 = 5*c + 3*n. Let b(i) = i**3 - 20*i**2 + 23*i - 83. What is b(c)?
-7
Let o(g) = -g + 2. Let a(t) = t**2 - 13*t - 1. Let n(p) = -a(p) + 4*o(p). Calculate n(9).
9
Let h(j) = -j**2 + 9*j + 3. Suppose 0*y + 3*y - 27 = 0. Let u be h(y). Let s(f) = 3 - 4*f - 5 + 2 - 4 + f**u + 4*f**2. Calculate s(-4).
12
Suppose 0 = 3*s - 5 - 13. Let n(q) be the first derivative of -q**4/4 + 2*q**3 + q**2/2 - 8*q - 10. Determine n(s).
-2
Let k(n) = -35*n - 146. Let p = -22768 + 22764. Calculate k(p).
-6
Let m(c) = -c**2 + c + 50. Suppose l + 2*i - 13 = 0, -3 = 260*i - 261*i. Give m(l).
8
Let z(d) = 8*d**2 + 3692*d - 1237*d + 3 - 1228*d - 1229*d. Give z(2).
31
Let x(t) = -t**3 - 23*t**2 + 23*t - 22. Let m be x(-24). Let f(u) = -6*u**2 - 5*u**2 + 6*u - 17 - u**3 + 6 + 4*u**m. Calculate f(-8).
5
Let u = 51 - 36. Suppose i + 32 = -u*i. Let b(z) = -6*z. Determine b(i).
12
Suppose 0 = 2*w - 7*w + 15. Let a(g) = 1 + 721*g**w + 719*g**3 - 1441*g**3 + g + 4*g**2. Determine a(5).
-19
Let i(u) = 8*u. Let f be i(3). Suppose -8 = 23*l - f*l. Let h(w) = w - 2 + 0*w + 2 - 4. What is h(l)?
4
Let f be -12*1/(-28)*7. Let y be ((-4)/((-40)/6))/(f/(-15)). Let x(k) = -k**2 + 1 + 6*k - 2*k + 1. What is x(y)?
-19
Let g(w) = -2*w**3 - w**2 + 13*w + 2. Let z be g(-3). Let x = z - 9. Let i(j) be the first derivative of -10*j**3/3 + j + 1. What is i(x)?
-9
Let t(l) = 6 + 0 - 3*l - 27. Let z(a) = -8*a - 60. Let m(p) = -17*t(p) + 6*z(p). Calculate m(7).
18
Let b be ((-9)/4)/(57/(-76)). Let t(i) = -7 + i**2 - b + 0 + 5 - 3*i. What is t(7)?
23
Let p(f) = f**3 - 6*f**2 + 8*f - 7. Let v = 39 + -27. Let l be 1/(v/9)*4. Suppose 0 = -3*b - l + 18. Calculate p(b).
8
Let k(a) be the first derivative of a**3/3 + 5*a**2/2 + 5*a + 8301. Let w = 7 - 16. Give k(w).
41
Let l = 6 + -4. Let h(r) be the first derivative of 0*r - 11 + 3*r + 7*r**2 - 3*r**2 - 5*r**l. Determine h(5).
-7
Let a(l) = 13*l**3 - 10*l + 47. Let p(g) = 88*g**3 - g**2 - 72*g + 328. Let j(b) = -27*a(b) + 4*p(b). Give j(6).
7
Suppose -14*h - 39*h + 3657 = 0. Let d(g) = -142 + h + 10*g + 70. What is d(-3)?
-33
Let d(x) = -x**3 - 6*x**2 + 6*x - 2. Suppose 64 = -21*y + 211. Suppose 0 = 52*t - 51*t + y. Determine d(t).
5
Let s = 5 - 1. Let z = 33 - 26. Suppose z*d + 3 = s*d. Let m(j) = j + 1. Calculate m(d).
0
Suppose 3*p - 4*h = -24, -3*p + 72 - 96 = -2*h. Let x(g) = g**2 + 9*g - 2. Give x(p).
-10
Let v = -593639/24 + 24735. Let u(c) be the third derivative of -35*c**2 + 0*c - 1/60*c**5 + 0 + v*c**4 + 0*c**3. What is u(-1)?
-2
Let a(z) = z**2 - 4*z + 7. Let y(p) = 9*p**2 + 5*p - 3. Let j(r) = -7*r**2 - 4*r + 2. Let f(u) = -5*j(u) - 4*y(u). Let l(b) = a(b) - 2*f(b). Determine l(3).
18
Let y(n) = -7*n**3 - n**2 - n - 1. Let a(b) = -9*b + 95. Let o be a(9). Suppose 19*r - 21*r + o = -4*g, 5*r = -2*g + 23. What is y(g)?
6
Let n = -20 - -22. Suppose 5*m - 32 = -n. Let t(z) = -z**2 - 6*z + 7. Let w(k) = 6*k**2 + 30*k - 34. Let u(d) = 11*t(d) + 2*w(d). Determine u(m).
9
Let s(g) = g**2 - 5*g - 7. Let x(h) = -3*h**2 - 13*h - 17. Let b be x(-5). Let o be -31 + -1 - 0/3. Let r = b - o. What is s(r)?
-7
Let z(r) = -r**2. Suppose -n + 11 = 1273*a - 1271*a, a - 9 = 0. Calculate z(n).
-49
Let z(m) = 3*m - 21 - m**2 - 24 + 71 + 2*m. Calculate z(7).
12
Let n(m) be the second derivative of -m**5/20 + m**4/2 - 5*m**3/6 - 3*m**2/2 + 520*m. Give n(5).
-3
Let b(h) = -h**2 + 7*h - 3. Let s(p) = 5 + 7 - 26 + 12. Let n(d) = -b(d) + 4*s(d). Calculate n(6).
-11
Suppose 6*u - u - 45 = 0. Let l(d) = -26 - u + 6*d**2 + 35. Let n = 10 - 11. Determine l(n).
6
Suppose 8*o - 119 + 151 = 0. Let g be o/(16/6) + 8/(-16). Let j(h) = -h**3 + 2*h + 2. Determine j(g).
6
Let x be 6 + -2 + 3 - 13. Let v(m) = -2*m**2 - 13*m + 8. Calculate v(x).
14
Suppose 2*t - 6*y = -y + 272, -574 = -4*t - 5*y. Suppose 7*l = t + 496. Let m(f) = 2*f - l - 99 + 184. Determine m(6).
6
Let n(o) = -4*o**3 - o**2 - 4*o - 5. Let s(p) = 5*p**3 + 3*p**2 + 3*p + 6. Suppose -16*g + 38 = 118. Let m(a) = g*s(a) - 6*n(a). Give m(-10).
10
Let b be 32/(-4) + 8 - 28*10. Let t be 2/(-23) + b/(-46). Let r(v) = 7*v + 3*v**2 - 4*v**2 - 2*v + 1. Determine r(t).
-5
Suppose -l = -57*l - 1848. Let x(k) = -2*k - 58. Calculate x(l).
8
Let l be (195/(-6))/(-13)*2. Let j be 2 + -5 + (50/5 - l). Let v(f) = f**2 - 3*f + 5. Determine v(j).
3
Suppose 379 = -35*z + 519. Let i(b) be the first derivative of 8*b - 14 + 1/2*b**2 + 1/4*b**z + 2*b**3. Calculate i(-6).
2
Let p(i) = -5*i - 12 - 4*i**2 - i**2 + 4*i**2. Let z(v) = v. Let b(y) = -p(y) + 4*z(y). Let x = -3861 + 3853. Calculate b(x).
4
Let o(x) = 5*x + 1. Let p(b) = -16*b + 12. Let q(i) = 3*o(i) + p(i). Determine q(5).
10
Let q(i) = -7*i + 3. Let k be q(-6). Suppose -k = 9*d - 4*d. Let z(f) = 0*f - 11*f - 13 - 10*f**2 + 0*f**3 - 3*f**3 + 2*f**3. Give z(d).
5
Let x be 30/50 - -4 - (56/(-20))/7. Let a(l) = 19*l - 83. What is a(x)?
12
Let p = -23 - -61. Let x = 39 - p. Suppose 0 = 3*t - g + 4 - x, 4*t = 3*g + 1. Let i(w) = -2*w**2 - 2*w. Determine i(t).
-4
Let y(q) = q**3 + 9*q**2 - q - 3. Let k be y(-9). Let l(z) be the third derivative of z**6/120 - 7*z**5/60 + z**4/8 + z**3 + 323*z**2. What is l(k)?
-12
Let g(h) = h**3 - 22*h**2 + 40*h + 11. Let u be -14 + ((-48)/(-6) - -26). Give g(u).
11
Let w(m) = -m**3 - 10*m**2 - 6*m + 13. Suppose 18*t = h + 23*t - 6, 0 = 5*h - 4*t + 57. What is w(h)?
-14
Let j(r) = r**3 - 2*r**2 - 2*r - 90. Let z = -18641 - -18641. Give j(z).
-90
Let t(w) = -4*w - 1. Let l(m) = m**3 + 5*m**2 - 6*m + 7. Let k be l(-6). Suppose -6*z = -k - 77. Let x be ((-8)/z)/(90/(-63))*-10. What is t(x)?
15
Suppose -11*w = -7*w - 5*i - 7, w = -2*i + 18. Let v be (w/10)/(-5*8/600). Let t(f) = -f**2 - 12*f + 14. Determine t(v).
14
Let v(t) be the first derivative of 2*t**3 - 20*t**2 - 41*t - 3322. Give v(-1).
5
Let s(l) = 6*l**3 - 7*l**2 + 4*l + 5. Let m(z) = -5*z**3 + 4*z**2 - 5*z - 5. Let g(i) = -5*m(i) - 4*s(i). Give g(-6).
23
Suppose 559 = -209*i - 1322. Let j(z) = z**3 + 7*z**2 - 18*z + 3. Calculate j(i).
3
Let k(z) be the third derivative of -8*z - 1/30*z**5 + 1/4*z**4 + 0*z**3 - 4*z**2 + 0. Give k(4).
-8
Let q(v) = -v**2 + 33*v - 104. Suppose 0 = -5*c - 4*a + 157, -10*c - 2*a = -8*c - 64. Give q(c).
12
Let h(y) = -3 - 4 + 10 - 3*y. Suppose 8*g + 12 = 28. What is h(g)?
-3
Let i(b) = -3*b - 12. Suppose 149*d + 9 = -5*m + 150*d, 0 = 5*m - 3*d + 7. Calculate i(m).
-6
Let p = -68 + 70. Let k(t) = -8*t**p - 84*t - 9 + t**3 + 85*t + 9*t**2. Give k(0).
-9
Suppose -8*u + 1 = -15. Let p(f) = f**u + 3*f**2 + 5*f + 10 - 5*f**2. Determine p(7).
-4
Let u be ((-3)/(-6) - 1)*0/(-2). Suppose 59*k - 53*k = u. Let o(m) = -m - 12. Calculate o(k).
-12
Let j(k) = 59*k + 7. Let n(v) = 172*v + 19. Let t(p) = -11*j(p) + 4*n(p). What is t(-2)?
-79
Let q(t) = -515*t - 27302. Let z be q(-53). Suppose 0 = 4*n - 7 - 5. Let v(g) = g + 2 - n + 3. Calculate v(z).
-5
Let r(z) = 3*z + 81. Let w be r(-26). Let q(b) = b**w + 10*b**2 - 25*b**2 + 15*b - 20 - 17*b + 17*b. 